 7*n - 8 = -r, 2*n + 2 = 0. Suppose -18 = r*j - 21*j. Suppose -j*y - 8 = 0, 51 + 19 = x + 2*y. What is the units digit of x?
8
Suppose 0 = -46*a + 50*a + g - 7155, 0 = -4*g + 28. What is the units digit of a?
7
Suppose -3*d + p = -15462 - 2807, -p - 24358 = -4*d. What is the tens digit of d?
8
Let u = -447 - -276. Let i = 304 + u. What is the tens digit of i?
3
Let u be (-6)/12 - 21/6. Let h(k) = k**3 + 5*k**2 - 11. Let c be h(u). Suppose -765 = -c*w - 45. What is the units digit of w?
4
Let i be ((-69)/9)/(14/(-126)). Let o = i - -291. What is the hundreds digit of o?
3
Let o(x) = 768*x**2 + 9 - 765*x**2 + 3 + 12*x. Let v be 624/(-91) - 2/14. What is the units digit of o(v)?
5
Let p(m) = -20*m - 176. Let u be p(-9). Suppose u*a - w - 562 = 0, -2*w = 8 - 4. What is the units digit of a?
0
What is the tens digit of (6 - (-109791)/(-18))*-2?
8
Let f = 15916 + -2004. What is the units digit of f?
2
Let p(y) = 11*y**2 - 3*y**2 + 4*y - 7*y**2 + 2. Let k be p(0). Suppose 0 = -k*t + j + 316, 3*t - j + 0*j = 473. What is the hundreds digit of t?
1
What is the units digit of (-245)/140 + (-18454)/(-8)?
5
Let h(s) = -s**3 + 11*s**2 - 3. Let a be h(11). Let d be -2*7/(-2) + 0 + a. Suppose 4*p - 1192 = -d*p. What is the hundreds digit of p?
1
Let q(x) = -x**3 - 5*x**2 + 22*x - 13. Let f be q(-8). Suppose 2*a + 2 = 0, 0*a = f*l - a - 4. What is the units digit of ((-612)/60)/(l/(-5))?
1
What is the units digit of (-5)/(-40) + ((-188517)/(-24) - 0)?
5
Let l = -606 - -33987. What is the thousands digit of l?
3
Let c be 49 - -14 - (-6)/2. Suppose 4*s - c = 2374. What is the units digit of s?
0
What is the tens digit of 5414*(660/(-24))/(-11)?
3
Suppose 3*i = i + 60. Let v(k) = -k**3 - 2*k**2 - 6*k - 10. Let z be v(-2). Suppose b + n = 5*b - 75, -2*b + i = -z*n. What is the units digit of b?
0
Let c = -104 - -108. Let s(r) = -r**3 + 5*r**2 + r - 16. Let z be s(c). Suppose -z*a - 455 = -3*q, 3*a - a + 304 = 2*q. What is the tens digit of q?
5
Let i = -2120 + 3469. What is the tens digit of i?
4
Let r(v) = 3*v + 5. Let c be r(-1). Let m be (-4)/(-14) - ((-150)/(-35) - c). What is the units digit of (-262)/(-4) - (-1)/m?
5
Let s(c) = -4*c**2 - 19*c - 25. Let q be s(-6). Let a = 206 - q. What is the hundreds digit of a?
2
Let r be (-20)/(-15)*(-6)/(-4). Let q be 231/28*1*(-7 - 1). What is the units digit of ((-10)/6)/(r/q)?
5
Let d be (1/(-3)*2)/(28/(-5166)). Let l = 145 - d. What is the tens digit of (l/4)/((-11)/(-44))?
2
Let k(i) = -79*i + 350. What is the thousands digit of k(-33)?
2
Let j(x) = x**3 - 7*x**2 - 15*x - 19. Let z be j(9). Suppose 4662 - 246 = z*a. What is the tens digit of a?
5
Let h = 118 - 122. What is the units digit of (133 - 1) + (1 - h)?
7
Suppose -m + 4*b = 0, -2*m - 4*b + 9*b = 3. Let y(a) = -a**3 + 4*a**2 + 2*a + 7. What is the hundreds digit of y(m)?
1
Suppose 80408 = -11*y - 8*y + 464588. What is the thousands digit of y?
0
Let x(a) = 2*a**2 + 10*a - 46. Let s(p) = -3*p**3 + 2*p**2 + 3*p - 4. Let j be s(2). What is the hundreds digit of x(j)?
2
Let d be 4/6*(-108)/24. Let g(b) = -b**3 - b**2 + 3*b - 7. Let i be g(d). Suppose i*x = 6*x - 588. What is the tens digit of x?
4
Suppose 0 = -5*i + 18 - 8. Let g be i*3/4 + 111/(-2). Let m = 5 - g. What is the units digit of m?
9
What is the hundreds digit of -2*12047/4*(-292 - -290)?
0
Let a = -80 - -115. Suppose -d + a + 119 = 0. Let c = 239 - d. What is the tens digit of c?
8
Let x(t) = -t**3 + 2*t - 1. Let y be (16/40)/((-4)/(-10)). Let k be x(y). Suppose k*o = -3*o + 105. What is the units digit of o?
5
Let z(j) = 53*j**2 + 35*j - 244. What is the tens digit of z(10)?
0
Let b(w) = 6*w**3 - 6*w + 8. Let j be b(6). What is the hundreds digit of (j/(-10))/((-22)/55)?
3
Let d(p) = p**3 + 8*p**2 + 2*p + 22. Let m be d(-8). Suppose 0 = m*s - 24*s + 8424. What is the hundreds digit of s?
4
Let g = 106 + -104. Suppose g*y - 168 = 5*n, y + 4*n - 92 - 18 = 0. What is the units digit of y?
4
Let r(b) = -b**3 + b - 5. Let j be r(0). What is the tens digit of (-151*(-2)/j)/((-2)/10)?
0
Let w(t) = 91*t**2 + 78*t + 2100. What is the ten thousands digit of w(-26)?
6
Suppose 0*u = -5*u - 12634 + 218014. What is the thousands digit of u?
1
Suppose 3*v + 618 + 180 = 0. Let c = v - -1353. What is the tens digit of c?
8
Let m = 35059 + -15193. What is the units digit of m?
6
Let w = 614 + 8538. What is the tens digit of w?
5
Let u(l) = -3*l + 302. Let r be (-1 - -1)/(-22 - -24). What is the tens digit of u(r)?
0
Suppose -9*o + 42728 = -13063. What is the units digit of o?
9
What is the units digit of 331 - (-4)/(((-8)/(-40))/((-5)/(-20)))?
6
Let s(o) = -2*o**3 + 19*o**2 - 66*o - 376. What is the tens digit of s(-26)?
3
Let u be (-1)/(-2) + (-9)/(-6). Let x be 8/(-12) - u/(-3). Suppose x = f - 6*f + 110. What is the units digit of f?
2
Let c(g) = -g**2 - 20*g - 5. Let u be c(-19). Suppose 4*t - 2 + u = 0. What is the units digit of (t - -4 - -3) + 23?
7
Let y(m) = -965*m - 119. Let n be y(-2). What is the tens digit of n + (-72)/84*(-9 + 2)?
1
Suppose -5*m = n - 0*m - 355, -n + 359 = 4*m. Let h = n - 198. What is the hundreds digit of h?
1
Let x(i) = i**2 + 17*i + 4. Let d be x(-19). Let j = -6 + d. What is the tens digit of j?
3
Let h(l) = l**3 - 9*l**2 + 9*l - 11. Let c be 50/6 + (-10 + 6)/12. Let f be h(c). What is the tens digit of (-203)/f + (-1)/(-15)*5?
6
Let h(i) = -2*i**3 - 6*i**2 - 13*i - 27. Let k be h(-6). Let w = k + 182. What is the units digit of w?
9
Let m(c) = c**3 + 6*c**2 - 18*c + 10. Let z = 6 - -10. Suppose 0 = -0*v - 2*v - z. What is the units digit of m(v)?
6
Suppose -134 + 158 = 3*b. What is the tens digit of ((-780)/b)/(-5 - 291/(-60))?
5
Let b = -3 - 6. Let z = b - -5. What is the units digit of 3*(z + 7) + -4?
5
Suppose 34*b - 12918261 = -233*b. What is the thousands digit of b?
8
Let q(h) = -45*h + 7. Let d be q(0). Suppose -d*s - 4104 = -11*s. What is the thousands digit of s?
1
Let x = 19224 + -11344. What is the units digit of x/30 + 8/6?
4
Suppose -3*z + 16062 + 2113 = 5*o, 18191 = 3*z + o. Suppose 0 = 5*r - 5*y - z, -2*y = 1 - 11. What is the hundreds digit of r?
2
Let t be ((-13214)/12 - -6) + 1/6. Let l = -473 - t. What is the tens digit of l?
2
Let a = 826 + 723. What is the tens digit of a?
4
Suppose 625*u - 37674 - 60603 = 584*u. What is the units digit of u?
7
Suppose 3*a - 254*l = -258*l + 58111, 5*l = -5*a + 96855. What is the units digit of a?
3
Let y = -52 + 106. Let f = -33 + y. Suppose 26*t = 23*t + f. What is the units digit of t?
7
Let c be (-1)/(-3) - 25160/(-30). Let z = 1206 - c. What is the tens digit of z?
6
Suppose 6*o - 9*o = 2*v - 19, -1 = -2*o + v. Suppose -h - o*h = -6188. What is the tens digit of h?
4
Let k = 21 + -14. Suppose j + k - 25 = 0. What is the units digit of j + 8*1/(-2)?
4
Let k(b) = -11467*b + 179. What is the units digit of k(-2)?
3
Let g(c) be the third derivative of -2*c**5/15 - 67*c**4/24 + 2*c**3 + c**2 - 10. What is the units digit of g(-5)?
7
Suppose 4*n = 8*n - 724. What is the units digit of n + (-9)/((-9)/(-4))?
7
Let x be (-5)/(-2)*(-24 + -26). Let q = 133 + x. What is the units digit of q?
8
Suppose -r = -5*b + 35260, 19*r - 21143 = -3*b + 17*r. What is the tens digit of b?
5
Suppose 224*t + 109*t - 76*t = 1432518. What is the units digit of t?
4
Let l = -142 + 200. Let v(m) = -4 + 29*m**2 - 63*m + 122*m - l*m. What is the hundreds digit of v(-3)?
2
Let q(a) = a**2 + 7*a + 7. Let s be q(-6). Let y be (18/(-30))/(s/(-20)). Suppose -4*p = -y, r + 4*p - 18 = -3. What is the units digit of r?
3
Suppose -8*m + 71 = -217. Suppose 3*a - a = m. What is the units digit of a?
8
What is the units digit of 2 + -584*(3 - (-2 + -30)*-1)?
8
Suppose 3*c + 275 = -3*q - 217, 5*c + 4*q + 821 = 0. Let t = 40 - c. What is the tens digit of t?
0
What is the tens digit of (3/7)/(132/1314852)?
6
Let w(s) = -2*s**2 + 8*s + 1. Let t(b) = -2*b - 10. Let c be t(-8). Let q be w(c). Let p = q + 108. What is the tens digit of p?
8
Let w(y) = y**3 - 10*y**2 + 18*y - 2. Let i be w(2). Let v = 6 - 1. Suppose 3*g - m - 80 = i*g, -v*m = -20. What is the units digit of g?
4
Let g = 8 + -3. Suppose 0 = g*p - 2*p - 9. Suppose -2*c + 6*c - a = 276, p*c + 2*a - 196 = 0. What is the units digit of c?
8
Suppose 3*t + 3*o = 21, -4*o + 13 = 3*t - 4*t. Let p be -5 + t/